{"id":648,"date":"2021-02-27T20:41:37","date_gmt":"2021-02-27T19:41:37","guid":{"rendered":"https:\/\/crsh.be\/index.php\/mon-compte\/"},"modified":"2021-03-02T12:33:56","modified_gmt":"2021-03-02T11:33:56","slug":"mon-compte","status":"publish","type":"page","link":"https:\/\/crsh.be\/index.php\/mon-compte\/","title":{"rendered":"Mon compte"},"content":{"rendered":"<div class=\"woocommerce\"><\/div>\n","protected":false},"excerpt":{"rendered":"","protected":false},"author":1,"featured_media":0,"parent":0,"menu_order":0,"comment_status":"closed","ping_status":"closed","template":"","meta":{"_mo_disable_npp":"","spay_email":""},"jetpack-related-posts":[{"id":1564,"url":"https:\/\/crsh.be\/index.php\/conditions-generales-de-vente\/","url_meta":{"origin":648,"position":0},"title":"Conditions g\u00e9n\u00e9rales de vente","date":"11 mars 2021","format":false,"excerpt":"Conditions g\u00e9n\u00e9rales de vente Les pr\u00e9sentes conditions de vente sont conclues d\u2019une part par la soci\u00e9t\u00e9 Cercle Royal Saint Hubert dont le si\u00e8ge social est situ\u00e9 \u00e0 1160 Auderghem avenue des Volontaires 29, \u00a0immatricul\u00e9e au Registre du Commerce et des Soci\u00e9t\u00e9s sous le num\u00e9ro 0409.816.783 ci-apr\u00e8s d\u00e9nomm\u00e9e \u00ab\u00a0 Le Cercle\u00a0\u00bb\u2026","rel":"","context":"Article similaire","img":{"alt_text":"","src":"","width":0,"height":0},"classes":[]},{"id":8,"url":"https:\/\/crsh.be\/","url_meta":{"origin":648,"position":1},"title":"Front Page","date":"27 avril 2020","format":false,"excerpt":"Histoire du Cercle C\u2019est le 2 mai 1882 qu\u2019un homme d\u2019affaire Bruxellois et un musicien Fran\u00e7ais r\u00e9sidant \u00e0 Bruxelles, amateurs de trompe de chasse, d\u00e9cid\u00e8rent de fonder un groupe de sonneurs en vue d\u2019animer la messe du 03 novembre suivant en l\u2019\u00e9glise du sablon, ancien si\u00e8ge de la confr\u00e9rie de\u2026","rel":"","context":"Article similaire","img":{"alt_text":"","src":"","width":0,"height":0},"classes":[]}],"_links":{"self":[{"href":"https:\/\/crsh.be\/index.php\/wp-json\/wp\/v2\/pages\/648"}],"collection":[{"href":"https:\/\/crsh.be\/index.php\/wp-json\/wp\/v2\/pages"}],"about":[{"href":"https:\/\/crsh.be\/index.php\/wp-json\/wp\/v2\/types\/page"}],"author":[{"embeddable":true,"href":"https:\/\/crsh.be\/index.php\/wp-json\/wp\/v2\/users\/1"}],"replies":[{"embeddable":true,"href":"https:\/\/crsh.be\/index.php\/wp-json\/wp\/v2\/comments?post=648"}],"version-history":[{"count":2,"href":"https:\/\/crsh.be\/index.php\/wp-json\/wp\/v2\/pages\/648\/revisions"}],"predecessor-version":[{"id":1169,"href":"https:\/\/crsh.be\/index.php\/wp-json\/wp\/v2\/pages\/648\/revisions\/1169"}],"wp:attachment":[{"href":"https:\/\/crsh.be\/index.php\/wp-json\/wp\/v2\/media?parent=648"}],"curies":[{"name":"wp","href":"https:\/\/api.w.org\/{rel}","templated":true}]}}